uppose c = -5*x + 451. Calculate the remainder when x is divided by 22.
20
Let l = 41547 + -37233. Calculate the remainder when l is divided by 96.
90
Let n(h) = -4*h**3 - h**2 - h - 8. What is the remainder when n(-3) is divided by (-1 + -1)/((-20)/190)?
18
Let j(o) = o**3 + 18*o**2 - 2*o + 340. Let b be j(-19). Let h = -61 + 86. Let u = h - b. What is the remainder when u is divided by 4?
0
What is the remainder when 364 is divided by ((-297)/(-11))/(3/9)?
40
Let w(d) = d**3 + 25*d**2 - 2*d - 115. Calculate the remainder when w(-15) is divided by 114.
113
Suppose n + 62*o - 147 = 64*o, 3*o - 315 = -2*n. Calculate the remainder when n is divided by -2 + (0 - (0 + -35)).
21
Suppose 3*w = 15, 4*n - 3*w = -4*w + 1049. Calculate the remainder when n is divided by 106.
49
Let a(v) = 2*v + 11. Let f be a(-12). What is the remainder when f/(-26) - (-263)/2 is divided by 9?
6
What is the remainder when ((-60)/24)/((-65)/35256) is divided by 124?
116
Let x = 11084 - -2129. Calculate the remainder when x is divided by 16.
13
What is the remainder when 661 is divided by ((6 + -1)*6/15)/(346/519)?
1
Let j = -37123 + 37130. What is the remainder when -25*(-2)/2 - 0 is divided by j?
4
Suppose 3*h + 2*u + 577 = 23, -365 = 2*h - 3*u. Suppose 3*w + 35 = -5*a - 40, -2*a - 31 = w. Calculate the remainder when 69 is divided by h/a + (-12)/54.
9
Let s(n) = -25*n**2 - 1078*n - 95. Calculate the remainder when 1730 is divided by s(-43).
30
Let s(p) = -p**3 + 10*p**2 - 13*p - 21. Let x be s(7). Calculate the remainder when 48/5 + 3 + (-91)/x is divided by 5.
0
Let t(j) = -4*j - 26. Let d be t(-8). Let n = 3 - -5. Suppose -n*z + 108 = -d*z. What is the remainder when z is divided by 14?
12
Let j = 182 + -163. Suppose 11*h = 3*h + 736. What is the remainder when h is divided by j?
16
Suppose 0*i + i - 185 = 0. Calculate the remainder when i is divided by ((-64)/(-28))/((0 - -5)*69/2415).
9
Suppose 0 = m - 354 + 359, -3*w = -2*m - 112. What is the remainder when (111/(-6))/(1/(-2)) is divided by w?
3
Let d = 92 + -50. Suppose 0 = -3*l + 5*q - 10*q + 48, 0 = 2*l - 5*q - 7. Let y(a) = a**3 - 11*a**2 + 7*a - 62. What is the remainder when d is divided by y(l)?
12
Let y(x) = 18*x**2 - 2*x - 17. Let d(o) = -73*o**2 + 8*o + 69. Let q(t) = 2*d(t) + 9*y(t). What is the remainder when q(4) is divided by 13?
12
Let x = 140 - 149. What is the remainder when x - 70/(-8) - 1242/(-8) is divided by 20?
15
Suppose d - 2*c + 17 = 92, 4*c = -2*d + 150. What is the remainder when 261 is divided by d?
36
Let i(l) = 376*l**2 - 30*l + 96. Calculate the remainder when i(4) is divided by 162.
160
Suppose -2*k + 48 = 4. Calculate the remainder when 345 is divided by k.
15
Suppose z - 801 = 4*p, -21*z - 3*p = -16*z - 4074. Calculate the remainder when 1643 is divided by z.
17
Let r = -6696 + 6720. Let p(z) = -3*z + 9. Calculate the remainder when p(-7) is divided by r.
6
Calculate the remainder when 2736 is divided by 15/((107/1284)/(1/9)).
16
Let f be (-451)/(-2)*(-2)/(-1). Suppose z = 2*i - f, -i + 4*z = -0*z - 222. What is the remainder when i is divided by -534*(-11)/495 + -11 + 1336/120?
10
What is the remainder when 149 is divided by (44/121)/(6/(-33)) - -114?
37
Suppose 11*u - 2497 = -902. Let i(h) = 1 + 3*h - 6 + 4*h. Calculate the remainder when u is divided by i(6).
34
Let s = 6874 + -6832. Calculate the remainder when 839 is divided by s.
41
Suppose 21*r - 3*r = -7074. Let h = r - -398. What is the remainder when 38 is divided by h?
3
Suppose 59*m - 55*m - 2*p = 246, m + p = 57. Let i = -12 + 43. Suppose -3*n + 3*u = 2*n - 71, n + 5*u = i. Calculate the remainder when m is divided by n.
12
Suppose 3*m - 4 = -19. Let j = m - -9. Calculate the remainder when (-4 + 5/(-20))*(16 + -20) is divided by j.
1
Let v = -2605 - -2641. Calculate the remainder when 212 is divided by v.
32
Suppose -403 - 17 = -15*b. Calculate the remainder when 172 is divided by b.
4
Let v(r) = -r**3 + 19*r**2 + 22*r - 36. Let q be v(20). Suppose 0*a = a - q*p - 2, 3*p = 4*a - 60. What is the remainder when 20 is divided by a?
2
Suppose -2*m + 8*m = 6. Let t(o) = 22*o**2 - o. Calculate the remainder when (-2)/6 + 345/9 is divided by t(m).
17
Suppose 27*a = 25*a - 5*n + 65, -1 = -n. What is the remainder when 955 is divided by a?
25
Let r(k) = -139*k - 286. Let u be r(-7). Let n = -650 + u. Calculate the remainder when 59 is divided by n.
22
Let z = 1150 - 1098. Calculate the remainder when 348 is divided by z.
36
Calculate the remainder when 1403 is divided by -9*84/(-54) + 1.
8
Let q(m) = 4 - 13 - 2 - 251*m + 9 - 1. Calculate the remainder when q(-1) is divided by 83.
82
Let m(c) = -c**3 + 8*c**2 + 4*c - 2. Let x be m(7). Suppose x = 5*t - 85. What is the remainder when 318 is divided by t?
30
Suppose -2*s + 104 = 3*z + 37, z + 6 = 5*s. Calculate the remainder when z is divided by 8/10 + 0 + (-2990)/(-325).
9
Suppose 0 = z + 6, -4*z + 205 + 551 = 5*m. What is the remainder when 207 is divided by m?
51
Let n = -11699 + 14675. Calculate the remainder when n is divided by 157.
150
Suppose 0 = -3*j + 5*j - 84. Let v = 1035 - 1137. What is the remainder when j is divided by 184/(-138)*v/8?
8
Suppose -70 = -4*r - r. What is the remainder when (-3354)/(-36) - (656/(-864) - (-2)/(-27)) is divided by r?
10
Let y(t) = -10*t + 19. What is the remainder when y(-4) is divided by (-65)/(-2) - 725/290?
29
Let k(u) = -2*u + 13. What is the remainder when 387 is divided by k(-13)?
36
Suppose 3*f + 22 = 2*n, 3*n + 3*f + 5 = -2*f. Suppose 0 = -n*j + 7*j - 42. Suppose -r - 4*r = -720. Calculate the remainder when r is divided by j.
18
Let l be ((-11)/2 + 21/14)/(-2). Suppose -4*d - 2*s = -170, l*d = 2*s + s + 105. Calculate the remainder when d is divided by 29.
16
Let i(d) = d**3 + 2*d**2 - 4*d + 4. Let f = 226 + -42. What is the remainder when f is divided by i(3)?
36
Let y be -1 + (-60)/(-6) + 5 + -2. Suppose 4*p = y, 0 = -3*g - g - p + 51. Let l(c) = 3*c - 32. Calculate the remainder when 11 is divided by l(g).
3
Let w = -2694 - -2849. Calculate the remainder when w is divided by 2/(-6) + (-148)/(-12).
11
Suppose -5*c - 4*r = -736, 5*r = -c + 6*c - 745. Suppose -c = -8*h + 348. Calculate the remainder when h is divided by 9.
8
Let o = 255 + -162. Suppose -o = -3*y - 3*u - u, 4*y - 123 = -5*u. What is the remainder when 48 is divided by y?
21
Let a = 2894 + -2602. What is the remainder when a is divided by 61?
48
Suppose 0 = -g - g + 2*m + 3334, 3*m = g - 1675. Calculate the remainder when g is divided by 16.
15
Calculate the remainder when (-3638)/(-8) - 378/216 is divided by 84.
33
Let q = 43564 - 30446. What is the remainder when q is divided by 205?
203
Suppose 1 - 45 = -22*u. Suppose 0 = -5*b + u*d + 112, 43 = 3*b + 4*d - 45. Calculate the remainder when 106 is divided by b.
10
Suppose 2*f - 2556 = -d, 2*f + 2*d - 2558 = -0*d. Calculate the remainder when f/15 + 144/(-1080) is divided by (9/(-2))/(2/(-20)).
40
Let q(b) = -b + 37. What is the remainder when 344 is divided by q(21)?
8
Let t be (-12)/28 + 2590/98. Suppose -16*i + t*i = 610. Let a = -11 + 27. What is the remainder when i is divided by a?
13
Let c = -463 - -715. What is the remainder when c is divided by 320/224 - ((-890)/14 + -1)?
54
Suppose 4*w + 6*w - 30 = 0. Let d be (48/(-40))/((9/(-10))/w). What is the remainder when 125 is divided by -2 - (-1 + (-15)/1 - d)?
17
Let f = 1245 - 1151. What is the remainder when 281 is divided by f?
93
Let o = 260 + -252. Let r(g) = -g**2 - 17*g - 15. Suppose 3*m + 50 = i, -i + 2*i - 5 = 0. What is the remainder when r(m) is divided by o?
7
Let r = 472 + 106. What is the remainder when r is divided by 10?
8
Suppose 4*t + 11 = 5*k, 3*t + 2*k + 3*k - 18 = 0. Calculate the remainder when -3*t*(-5)/3 is divided by 1*(12 + -2)*(-1)/(-2).
0
Let b(o) = 3*o**2 - 24*o - 14. Suppose 17 = 3*n - 16. What is the remainder when b(n) is divided by (-321)/(-15) - 3/(-5)?
19
Let t = 4721 - 4686. What is the remainder when 251 is divided by t?
6
Let n be (-10 - 4 - -4)*-1. Suppose -w + f + 8 = 0, -5*f + 70 = 5*w + n. Suppose 4*b - 14 = w. What is the remainder when 39 is divided by b?
3
Suppose 5*b - 4 = 11. Suppose b*u - 40 = -u. Suppose -5*m = -5*y + 199 + 141, -5*y + 3*m + 340 = 0. Calculate the remainder when y is divided by u.
8
Let x 